s of 229.
229
What are the prime factors of 912?
2, 3, 19
What are the prime factors of 140782?
2, 43, 1637
What are the prime factors of 2320?
2, 5, 29
What are the prime factors of 1633?
23, 71
List the prime factors of 812.
2, 7, 29
What are the prime factors of 2976?
2, 3, 31
What are the prime factors of 3833?
3833
What are the prime factors of 1068?
2, 3, 89
What are the prime factors of 11251?
11251
List the prime factors of 85213.
85213
List the prime factors of 37724.
2, 9431
List the prime factors of 2466.
2, 3, 137
List the prime factors of 1847.
1847
What are the prime factors of 18097?
18097
What are the prime factors of 4404?
2, 3, 367
List the prime factors of 41.
41
What are the prime factors of 2586?
2, 3, 431
What are the prime factors of 854?
2, 7, 61
List the prime factors of 630.
2, 3, 5, 7
List the prime factors of 4266.
2, 3, 79
List the prime factors of 1019.
1019
List the prime factors of 63.
3, 7
List the prime factors of 2734.
2, 1367
What are the prime factors of 38472?
2, 3, 7, 229
What are the prime factors of 991?
991
What are the prime factors of 6069?
3, 7, 17
List the prime factors of 34887.
3, 29, 401
List the prime factors of 97274.
2, 17, 2861
What are the prime factors of 11721?
3, 3907
What are the prime factors of 187138?
2, 7, 13367
List the prime factors of 4516.
2, 1129
List the prime factors of 3245.
5, 11, 59
List the prime factors of 10548.
2, 3, 293
What are the prime factors of 61?
61
What are the prime factors of 92910?
2, 3, 5, 19, 163
What are the prime factors of 27457?
27457
List the prime factors of 26883.
3, 29, 103
List the prime factors of 41261.
11, 31
List the prime factors of 700.
2, 5, 7
List the prime factors of 1968.
2, 3, 41
List the prime factors of 101798.
2, 23, 2213
List the prime factors of 826.
2, 7, 59
List the prime factors of 76666.
2, 38333
List the prime factors of 183.
3, 61
List the prime factors of 1085.
5, 7, 31
List the prime factors of 84171.
3, 28057
What are the prime factors of 38975?
5, 1559
What are the prime factors of 23247?
3, 7, 41
What are the prime factors of 17454?
2, 3, 2909
What are the prime factors of 23610?
2, 3, 5, 787
List the prime factors of 314.
2, 157
List the prime factors of 22929.
3, 7643
List the prime factors of 656.
2, 41
What are the prime factors of 19864?
2, 13, 191
List the prime factors of 14597.
11, 1327
What are the prime factors of 1433?
1433
List the prime factors of 1050.
2, 3, 5, 7
List the prime factors of 1554.
2, 3, 7, 37
List the prime factors of 12331.
11, 19, 59
List the prime factors of 1698.
2, 3, 283
List the prime factors of 13446.
2, 3, 83
List the prime factors of 769.
769
What are the prime factors of 4893?
3, 7, 233
List the prime factors of 36645.
3, 5, 7, 349
List the prime factors of 403.
13, 31
List the prime factors of 119397.
3, 39799
What are the prime factors of 57921?
3, 43, 449
What are the prime factors of 5820?
2, 3, 5, 97
List the prime factors of 68426.
2, 34213
List the prime factors of 4337.
4337
What are the prime factors of 5035?
5, 19, 53
List the prime factors of 3200.
2, 5
What are the prime factors of 1663?
1663
List the prime factors of 11533.
19, 607
List the prime factors of 25576.
2, 23, 139
List the prime factors of 148075.
5, 5923
What are the prime factors of 9975?
3, 5, 7, 19
List the prime factors of 1229.
1229
List the prime factors of 12988.
2, 17, 191
List the prime factors of 4830.
2, 3, 5, 7, 23
List the prime factors of 3248.
2, 7, 29
List the prime factors of 5332.
2, 31, 43
List the prime factors of 8528.
2, 13, 41
What are the prime factors of 1394?
2, 17, 41
What are the prime factors of 4347?
3, 7, 23
What are the prime factors of 3929?
3929
What are the prime factors of 20657?
7, 13, 227
List the prime factors of 2522.
2, 13, 97
What are the prime factors of 6511?
17, 383
List the prime factors of 2182.
2, 1091
List the prime factors of 40753.
83, 491
What are the prime factors of 5272?
2, 659
What are the prime factors of 41422?
2, 139, 149
List the prime factors of 708.
2, 3, 59
What are the prime factors of 1130?
2, 5, 113
What are the prime factors of 258?
2, 3, 43
What are the prime factors of 32687?
32687
List the prime factors of 123264.
2, 3, 107
List the prime factors of 100.
2, 5
What are the prime factors of 5748?
2, 3, 479
List the prime factors of 16133.
13, 17, 73
What are the prime factors of 39888?
2, 3, 277
List the prime factors of 42602.
2, 7, 17, 179
List the prime factors of 946.
2, 11, 43
List the prime factors of 3085.
5, 617
List the prime factors of 9885.
3, 5, 659
What are the prime factors of 1581?
3, 17, 31
List the prime factors of 25243.
25243
List the prime factors of 1696.
2, 53
List the prime factors of 6511.
17, 383
List the prime factors of 19001.
19001
List the prime factors of 27883.
27883
List the prime factors of 62114.
2, 13, 2389
List the prime factors of 877.
877
List the prime factors of 1846.
2, 13, 71
List the prime factors of 11162.
2, 5581
What are the prime factors of 5890?
2, 5, 19, 31
List the prime factors of 17598.
2, 3, 7, 419
What are the prime factors of 63415?
5, 11, 1153
What are the prime factors of 3286?
2, 31, 53
List the prime factors of 6601.
7, 23, 41
List the prime factors of 74398.
2, 37199
List the prime factors of 44616.
2, 3, 11, 13
What are the prime factors of 9001?
9001
What are the prime factors of 51193?
51193
What are the prime factors of 72?
2, 3
What are the prime factors of 21460?
2, 5, 29, 37
List the prime factors of 13297.
13297
What are the prime factors of 2979?
3, 331
List the prime factors of 22328.
2, 2791
What are the prime factors of 5106?
2, 3, 23, 37
List the prime factors of 3545.
5, 709
List the prime factors of 187.
11, 17
List the prime factors of 7829.
7829
List the prime factors of 3902.
2, 1951
List the prime factors of 17574.
2, 3, 29, 101
List the prime factors of 19558.
2, 7, 11, 127
List the prime factors of 9024.
2, 3, 47
What are the prime factors of 11506?
2, 11, 523
What are the prime factors of 2986?
2, 1493
List the prime factors of 52.
2, 13
List the prime factors of 1006.
2, 503
What are the prime factors of 158584?
2, 43, 461
List the prime factors of 1108.
2, 277
List the prime factors of 417.
3, 139
List the prime factors of 70428.
2, 3, 5869
What are the prime factors of 34781?
34781
List the prime factors of 2289.
3, 7, 109
What are the prime factors of 428?
2, 107
List the prime factors of 8230.
2, 5, 823
List the prime factors of 382.
2, 191
What are the prime factors of 445?
5, 89
List the prime factors of 3642.
2, 3, 607
What are the prime factors of 61640?
2, 5, 23, 67
List the prime factors of 68714.
2, 17, 43, 47
What are the prime factors of 116142?
2, 3, 13, 1489
List the prime factors of 22748.
2, 11, 47
List the prime factors of 9750.
2, 3, 5, 13
What are the prime factors of 10761?
3, 17, 211
What are the prime factors of 144609?
3, 19, 43, 59
What are the prime factors of 296?
2, 37
What are the prime factors of 1086?
2, 3, 181
What are the prime factors of 14941?
67, 223
What are the prime factors of 15950?
2, 5, 11, 29
What are the prime factors of 3345?
3, 5, 223
What are the prime factors of 16848?
2, 3, 13
What are the prime factors of 2590?
2, 5, 7, 37
List the prime factors of 20835.
3, 5, 463
What are the prime factors of 4208?
2, 263
List the prime factors of 22677.
3, 7559
What are the prime factors of 2040?
2, 3, 5, 17
List the prime factors of 2404.
2, 601
What are the prime factors of 570?
2, 3, 5, 19
List the prime factors of 96857.
96857
What are the prime factors of 38463?
3, 12821
List the prime factors of 7479.
3, 277
What are the prime factors of 3023?
3023
What are the prime factors of 3076?
2, 769
List the prime factors of 27839.
7, 41, 97
What are the prime factors of 326?
2, 163
List the prime factors of 11997.
3, 31, 43
List the prime factors of 6516.
2, 3, 181
What are the prime factors of 534?
2, 3, 89
What are the prime factors of 2998?
2, 1499
List the prime factors of 111782.
2, 11, 5081
What are the prime factors of 376?
2, 47
List the prime factors of 19867.
19867
List the prime factors of 121255.
5, 24251
What are the prime factors of 113367?
3, 23, 31, 53
List the prime factors of 17675.
5, 7, 101
What are t